615 and 1095.
15
Calculate the greatest common divisor of 1380 and 10140.
60
What is the greatest common divisor of 13072 and 31777?
43
What is the highest common divisor of 471713 and 15433?
671
Calculate the highest common factor of 778126 and 57.
19
What is the highest common divisor of 130 and 246420?
10
What is the highest common divisor of 115843 and 76?
19
What is the greatest common factor of 198 and 383372?
22
What is the highest common divisor of 731 and 11395?
43
Calculate the greatest common factor of 252 and 39172.
28
Calculate the greatest common divisor of 44226 and 378.
378
What is the highest common divisor of 3850 and 3465?
385
Calculate the greatest common divisor of 4972 and 1012.
44
What is the greatest common divisor of 440 and 214940?
220
Calculate the highest common divisor of 61377 and 2337.
123
Calculate the highest common factor of 532 and 50768.
76
What is the greatest common factor of 95 and 196289?
19
Calculate the highest common factor of 30 and 859.
1
Calculate the greatest common factor of 30957 and 51.
51
Calculate the highest common divisor of 1981575 and 135.
45
What is the greatest common divisor of 300902 and 14?
14
What is the highest common factor of 30 and 63670?
10
What is the greatest common divisor of 3855 and 105?
15
Calculate the highest common divisor of 454114 and 94.
94
Calculate the greatest common divisor of 2277 and 2970.
99
Calculate the greatest common factor of 636260 and 580.
580
What is the highest common factor of 3162 and 1734?
102
Calculate the greatest common divisor of 755502 and 110.
22
Calculate the greatest common divisor of 3183 and 3.
3
Calculate the greatest common factor of 4694987 and 55.
11
Calculate the greatest common divisor of 1450 and 1334.
58
Calculate the greatest common divisor of 116566 and 24382.
334
Calculate the highest common factor of 4686 and 23496.
66
What is the highest common divisor of 1219 and 3816?
53
What is the highest common divisor of 15432141 and 731?
731
What is the greatest common divisor of 8572 and 92?
4
Calculate the greatest common divisor of 8995 and 1645.
35
Calculate the greatest common divisor of 5617 and 8077.
41
What is the highest common factor of 31587 and 3?
3
Calculate the highest common factor of 170792 and 1184.
296
What is the greatest common factor of 1435784 and 252?
28
Calculate the greatest common factor of 116973 and 6273.
369
What is the highest common factor of 609 and 6080662?
203
What is the highest common divisor of 33 and 16557?
3
What is the highest common divisor of 6 and 55254?
6
What is the highest common divisor of 285360 and 120?
120
Calculate the highest common factor of 36 and 4067988.
12
What is the highest common factor of 11573 and 32437?
163
What is the greatest common factor of 2268 and 484596?
756
Calculate the greatest common factor of 194138 and 476.
14
What is the greatest common divisor of 88 and 34287?
11
Calculate the highest common divisor of 9961825 and 25.
25
What is the highest common factor of 27 and 537228?
9
What is the highest common divisor of 1623239 and 188?
47
What is the greatest common factor of 7 and 456351?
7
Calculate the greatest common factor of 499184 and 7.
7
What is the highest common factor of 850 and 24820?
170
Calculate the highest common factor of 30 and 208020.
30
Calculate the greatest common divisor of 314950 and 50.
50
What is the greatest common divisor of 532 and 3374?
14
What is the greatest common divisor of 22175 and 375?
25
What is the highest common factor of 109144 and 112?
56
Calculate the greatest common divisor of 24309 and 10731.
219
What is the greatest common factor of 6730 and 310?
10
What is the highest common divisor of 1211460 and 1464?
732
What is the greatest common factor of 3584 and 5504?
128
What is the highest common divisor of 165 and 3762?
33
Calculate the greatest common factor of 150 and 192.
6
What is the highest common divisor of 54 and 35142?
6
What is the highest common divisor of 895 and 955?
5
What is the highest common divisor of 49599 and 8613?
297
What is the highest common divisor of 20060 and 19720?
340
What is the greatest common factor of 5376 and 231?
21
Calculate the highest common divisor of 78285 and 20.
5
Calculate the greatest common divisor of 8498 and 14672.
14
What is the greatest common factor of 34442 and 34?
34
Calculate the greatest common factor of 18639 and 21888.
171
Calculate the highest common factor of 416 and 6064.
16
Calculate the greatest common factor of 9 and 1991349.
9
What is the greatest common divisor of 11 and 12811579?
11
Calculate the greatest common divisor of 47 and 12255767.
47
What is the greatest common factor of 32735 and 15?
5
What is the greatest common factor of 3485 and 4018?
41
What is the highest common divisor of 93132 and 1332?
36
What is the greatest common factor of 265786 and 4?
2
Calculate the greatest common divisor of 561 and 32028.
51
What is the highest common factor of 12584 and 2299?
121
What is the highest common divisor of 16585 and 248?
31
What is the greatest common divisor of 332842 and 2888?
722
Calculate the highest common divisor of 6809 and 194366.
619
What is the greatest common divisor of 979817 and 155?
31
Calculate the greatest common factor of 10672 and 70794.
46
Calculate the highest common factor of 16766 and 2222.
202
What is the greatest common divisor of 7913448 and 9?
9
What is the highest common factor of 307463 and 134?
67
What is the greatest common divisor of 438 and 5913?
219
What is the greatest common divisor of 26044 and 3400?
68
Calculate the highest common divisor of 434 and 73682.
14
Calculate the highest common divisor of 245310 and 510.
510
Calculate the highest common divisor of 468 and 22347.
117
What is the greatest common factor of 4851550 and 2200?
550
Calculate the highest common divisor of 5313 and 1863.
69
What is the highest common factor of 270 and 266790?
30
Calculate the highest common divisor of 278 and 131077.
139
What is the highest common factor of 3425 and 59321?
137
Calculate the greatest common divisor of 75 and 1397355.
15
Calculate the highest common factor of 496 and 106113.
31
What is the greatest common divisor of 1035 and 10485?
45
What is the highest common divisor of 309456 and 432?
144
Calculate the highest common divisor of 198 and 4329.
9
Calculate the highest common factor of 6777 and 378.
27
What is the highest common factor of 11618 and 4867?
157
What is the greatest common factor of 1727449 and 859?
859
Calculate the highest common divisor of 3818 and 332.
166
Calculate the greatest common divisor of 156052 and 52.
52
Calculate the highest common factor of 3042 and 191256.
78
Calculate the highest common factor of 51171 and 296.
37
Calculate the highest common divisor of 141380 and 100.
20
Calculate the greatest common factor of 58 and 34198.
2
Calculate the greatest common factor of 169420 and 860.
860
Calculate the highest common divisor of 3587 and 85.
17
Calculate the greatest common divisor of 25 and 40625.
25
What is the highest common factor of 23733 and 108?
27
Calculate the highest common divisor of 42660 and 360.
180
Calculate the highest common factor of 1274 and 704914.
98
Calculate the greatest common factor of 150 and 3378675.
75
What is the highest common divisor of 17 and 18071?
17
Calculate the greatest common divisor of 135 and 300105.
135
What is the highest common factor of 222 and 7622?
74
Calculate the greatest common divisor of 330 and 19560.
30
Calculate the greatest common factor of 984 and 156.
12
What is the highest common divisor of 242526 and 747?
249
What is the greatest common factor of 171 and 72504?
171
What is the highest common factor of 132 and 8008?
44
What is the greatest common factor of 17262 and 504?
126
What is the highest common factor of 11712 and 96?
96
What is the highest common divisor of 432783 and 2511?
81
Calculate the greatest common factor of 175 and 411425.
175
Calculate the greatest common divisor of 178 and 364544.
178
Calculate the highest common factor of 4668 and 60.
12
What is the greatest common factor of 12 and 115284?
12
Calculate the greatest common divisor of 21790 and 10.
10
What is the highest common factor of 14454 and 99207?
657
Calculate